 what is 44162465024 + -1?
44162465023
In base 3, what is 112102122120120 - 10?
112102122120110
In base 4, what is -13302223000302 + 3?
-13302223000233
In base 6, what is 14 + -3151533300?
-3151533242
In base 8, what is 10 - -456450077?
456450107
In base 16, what is -5 + -127d19f?
-127d1a4
In base 15, what is 156134 - -a?
15613e
In base 12, what is 41a173 - 16?
41a159
In base 3, what is 110201002112222210 - -12?
110201002112222222
In base 5, what is 202134414 + 304?
202140223
In base 10, what is 1397053 - 49?
1397004
In base 16, what is -4a91 - 20fa?
-6b8b
In base 14, what is -3a324 + -10?
-3a334
In base 3, what is -1120101120 + 10112?
-1120021001
In base 10, what is -34 + -679283?
-679317
In base 8, what is -123460 + -6032?
-131512
In base 14, what is 364 + 3c?
3a2
In base 9, what is 73216 - -287?
73514
In base 8, what is 30443155 - -74?
30443251
In base 8, what is 265 - -17146?
17433
In base 8, what is -435 + 52140?
51503
In base 7, what is -343430 + 14166?
-326231
In base 6, what is 1233412 + 345?
1234201
In base 12, what is -1b07 - -1274?
-853
In base 4, what is -1031220 + -210020?
-1301300
In base 14, what is 131 - -67d5?
6926
In base 16, what is -33b03c + b1?
-33af8b
In base 7, what is -15236 + -313442?
-332011
In base 12, what is -584a04b5 + -2?
-584a04b7
In base 5, what is 2004321 - 310131?
1144140
In base 6, what is 13430211545 + -4?
13430211541
In base 8, what is -1 - -555061?
555060
In base 12, what is 1273861 + -3?
127385a
In base 16, what is -2eb + 417fc?
41511
In base 6, what is 10 + -503424455?
-503424445
In base 14, what is 488b932 - -3?
488b935
In base 8, what is 2377330 - 1563?
2375545
In base 12, what is 2253 - -1321?
3574
In base 9, what is 6 - 580623?
-580616
In base 2, what is 1010100101000010010010 + -1101?
1010100101000010000101
In base 5, what is -11031 + -3012133?
-3023214
In base 15, what is -59c5d + 5d?
-59c00
In base 8, what is 24100161 + 3?
24100164
In base 6, what is 30 + -2023524043?
-2023524013
In base 12, what is 4 - -3844080?
3844084
In base 3, what is -22222120020 - 12002211?
-100011200001
In base 11, what is -783796a + -17?
-7837986
In base 9, what is 4 - 3273748?
-3273744
In base 7, what is -12420660615 - 5?
-12420660623
In base 11, what is -179 - -771?
5a3
In base 15, what is 266d + 43eb?
6a69
In base 12, what is -278b67a4 + 13?
-278b6791
In base 16, what is 19 + c4cd15?
c4cd2e
In base 14, what is 1 - -bd7906?
bd7907
In base 16, what is -17 - -12e727c?
12e7265
In base 12, what is -b411a - 66?
-b4184
In base 14, what is -4 - -4602878?
4602874
In base 15, what is -a0296011 - -4?
-a029600c
In base 14, what is 214 - -6787d?
67a93
In base 16, what is 12f0 + -cc2?
62e
In base 2, what is -101010101001111100000110 + -100?
-101010101001111100001010
In base 5, what is -104412 - 2100401?
-2210313
In base 4, what is 10111232 + -2103?
10103123
In base 10, what is -379150 - 49?
-379199
In base 10, what is 897 + 310034?
310931
In base 3, what is -210201001 + -10202222?
-221111000
In base 7, what is -316 - 320531?
-321150
In base 8, what is -31052164 + -2?
-31052166
In base 2, what is 10011001010 - -11100010100010?
11110101101100
In base 15, what is -167 + -90585?
-906ec
In base 9, what is 1556 + -4517?
-2851
In base 3, what is 11112202100 - 0?
11112202100
In base 3, what is -22001 + -102120110?
-102212111
In base 5, what is -411 + 1023103042?
1023102131
In base 12, what is 12b6 - -3867?
4b61
In base 12, what is 4116758 - 5?
4116753
In base 15, what is -5 - 21b4581?
-21b4586
In base 6, what is -211243532 - 12?
-211243544
In base 14, what is -628889 - -18?
-628871
In base 11, what is 8690 + -236?
8455
In base 12, what is -15437 + 2a22?
-12615
In base 4, what is 30220001130 + -10001?
30213331123
In base 11, what is -127863a8 + 3?
-127863a5
In base 8, what is -16723315726 - 5?
-16723315733
In base 2, what is 10010101010000110010 + -10110?
10010101010000011100
In base 12, what is 1796173 - 1?
1796172
In base 11, what is 34a78465 + -1?
34a78464
In base 4, what is 2122002320 + -103?
2122002211
In base 7, what is -2435654304 + 4?
-2435654300
In base 4, what is -210312010 - 23312?
-211001322
In base 11, what is 842976 - -28a?
843155
In base 3, what is 1 - -11000202000102?
11000202000110
In base 14, what is 0 + 19c93?
19c93
In base 15, what is 33a8ea9 - 0?
33a8ea9
In base 9, what is -1 - -77300727?
77300726
In base 5, what is -2 - -423134304234?
423134304232
In base 12, what is -1633 - 2401?
-3a34
In base 6, what is -3015 + -11334333?
-11341352
In base 5, what is -2 - 32304003343?
-32304003400
In base 14, what is 109d - 15d7?
-538
In base 3, what is -222122011102211011 - 2?
-222122011102211020
In base 8, what is 224206714 + -3?
224206711
In base 4, what is 301001021321310 + -11?
301001021321233
In base 8, what is 4 - 111076053?
-111076047
In base 2, what is 1001011010 + 1111111111100010?
10000001000111100
In base 7, what is 1220614150 - 4?
1220614143
In base 14, what is -3 - -4ada4ca?
4ada4c7
In base 4, what is 1 - 122331012233?
-122331012232
In base 9, what is -17165032 - 2?
-17165034
In base 4, what is 12110013 + -212?
12103201
In base 9, what is 144670 + 6?
144676
In base 14, what is -34c - -d006?
ca98
In base 15, what is de6 - 1892?
-99b
In base 10, what is 269 + -18458?
-18189
In base 5, what is -244423431022 - -2?
-244423431020
In base 10, what is 416650 - 265?
416385
In base 4, what is 11 - -20033013002?
20033013013
In base 4, what is -10 + -2030001110110?
-2030001110120
In base 12, what is -3 + 202b4352?
202b434b
In base 4, what is 232 - 323321223?
-323320331
In base 5, what is 2333322122 - 123?
2333321444
In base 2, what is 10000010110 - 101010101?
1011000001
In base 10, what is -38683 + -7021?
-45704
In base 10, what is -38489 + -10521?
-49010
In base 6, what is -3 + 5212222310?
5212222303
In base 5, what is 1000 + 1433343?
1434343
In base 2, what is 10011010110 - -111101001101?
1010000100011
In base 16, what is 6 + 146853?
146859
In base 2, what is 11101111111001111101 + 11111?
11101111111010011100
In base 12, what is 18 - 79861?
-79845
In base 11, what is 109 + 3a01?
400a
In base 4, what is -1102 - -100131331102?
100131330000
In base 7, what is -26 + -261453042?
-261453101
In base 15, what is -107139 - 29?
-107163
In base 8, what is -2074622 + -34?
-2074656
In base 4, what is -2013313211 + 312?
-2013312233
In base 15, what is 6 - -4610bc8?
4610bce
In base 15, what is 190 - 3166b?
-314cb
In base 14, what is b + -1c78768?
-1c7875b
In base 15, what is 1c - -77dddd?
77de0a
In base 12, what is 5 + 968506?
96850b
In base 9, what is -1 - 21210801?
-21210802
In base 12, what is -1061 - -105a?
-3
In base 7, what is 10532031446 - 2?
10532031444
In base 3, what is 111000 - 1101121100?
-1101010100
In base 10, what is -4843537 - 21?
-4843558
In base 14, what is 65a141 - -5?
65a146
In base 5, what is -332113 + 2040243?
1203130
In base 12, what is 1a93667 + 3?
1a9366a
In base 9, what is -230 - -314854?
314624
In base 3, what is -2111001020 - -122?
-2111000121
In base 11, what is 0 + -18716a5?
-18716a5
In base 14, what is -5 + 15014889?
15014884
In base 14, what is -10c5ac - 40b?
-10c9b9
In base 16, what is 76f - 60e3?
-5974
In base 8, what is -245703500 + -6?
-245703506
In base 10, what is 22606 - -244?
22850
In base 11, what is 178929 + 369?
179197
In base 10, what is 193693 + 50?
193743
In base 5, what is -434301304 + 342?
-434300412
In base 5, what is 344 - 223012?
-222113
In base 13, what is -184 - 4b183?
-4b337
In base 16, what is -185 - 1380?
-1505
In base 11, what is -245 - 4475?
-470a
In base 5, what is -12442334 - -112?
-12442222
In base 3, what is 210220112100001 - 101?
210220112022200
In base 6, what is -21 - -122154420?
122154355
In base 12, what is 12328 + -24131?
-11a05
In base 5, what is 3 + -401432204?
-401432201
In base 3, what is -2 - -111220012110021?
111220012110012
In base 12, what is -4 - -332b0094?
332b0090
In base 16, what is 87c3 + 26a?
8a2d
In base 5, what is -1003301 - -120023?
-333223
In base 4, what is 12112 + 12313321?
12332033
In base 10, what is -17 + 781528?
781511
In base 3, what is -20020110002220 - 10?
-20020110010000
In base 12, what is 43a011b0 + -1?
43a011ab
In base 15, what is -c9cab39 + 3?
-c9cab36
In base 16, what is -1dfd78 - -2?
-1dfd76
In base 3, what is -22 + 10012021111?
1001202101